{"id":7044,"date":"2023-03-06T14:19:01","date_gmt":"2023-03-06T12:19:01","guid":{"rendered":"http:\/\/iimu.kapsi.fi\/limunropellukset\/wp-content\/uploads\/2023\/03\/praedor_saalis.jpeg"},"modified":"2023-03-06T14:19:31","modified_gmt":"2023-03-06T12:19:31","slug":"praedor_saalis","status":"inherit","type":"attachment","link":"http:\/\/iimu.kapsi.fi\/limunropellukset\/archives\/7040\/praedor_saalis","title":{"rendered":"praedor_saalis"},"author":2,"comment_status":"open","ping_status":"closed","template":"","meta":[],"description":{"rendered":"<p class=\"attachment\"><a href='http:\/\/iimu.kapsi.fi\/limunropellukset\/wp-content\/uploads\/2023\/03\/praedor_saalis.jpeg'><img width=\"300\" height=\"245\" src=\"http:\/\/iimu.kapsi.fi\/limunropellukset\/wp-content\/uploads\/2023\/03\/praedor_saalis-300x245.jpeg\" class=\"attachment-medium size-medium\" alt=\"\" decoding=\"async\" loading=\"lazy\" srcset=\"http:\/\/iimu.kapsi.fi\/limunropellukset\/wp-content\/uploads\/2023\/03\/praedor_saalis-300x245.jpeg 300w, http:\/\/iimu.kapsi.fi\/limunropellukset\/wp-content\/uploads\/2023\/03\/praedor_saalis.jpeg 449w\" sizes=\"(max-width: 300px) 100vw, 300px\" style=\"width:100%;height:81.74%;max-width:449px;\" \/><\/a><\/p>\n"},"caption":{"rendered":"<p>Efemeroksen Sami Koponenkin on huomionut ett\u00e4 Praedorissa ja D&#038;D:ss\u00e4 on yht\u00e4l\u00e4isyyksi\u00e4.<\/p>\n"},"alt_text":"","media_type":"image","mime_type":"image\/jpeg","media_details":{"width":449,"height":367,"file":"2023\/03\/praedor_saalis.jpeg","filesize":103493,"sizes":{"medium":{"file":"praedor_saalis-300x245.jpeg","width":300,"height":245,"filesize":51419,"mime_type":"image\/jpeg","source_url":"http:\/\/iimu.kapsi.fi\/limunropellukset\/wp-content\/uploads\/2023\/03\/praedor_saalis-300x245.jpeg"},"thumbnail":{"file":"praedor_saalis-150x150.jpeg","width":150,"height":150,"filesize":34584,"mime_type":"image\/jpeg","source_url":"http:\/\/iimu.kapsi.fi\/limunropellukset\/wp-content\/uploads\/2023\/03\/praedor_saalis-150x150.jpeg"},"full":{"file":"praedor_saalis.jpeg","width":449,"height":367,"mime_type":"image\/jpeg","source_url":"http:\/\/iimu.kapsi.fi\/limunropellukset\/wp-content\/uploads\/2023\/03\/praedor_saalis.jpeg"}},"image_meta":{"aperture":"0","credit":"","camera":"","caption":"","created_timestamp":"1611675033","copyright":"","focal_length":"0","iso":"0","shutter_speed":"0","title":"","orientation":"1","keywords":[]}},"post":7040,"source_url":"http:\/\/iimu.kapsi.fi\/limunropellukset\/wp-content\/uploads\/2023\/03\/praedor_saalis.jpeg","_links":{"self":[{"href":"http:\/\/iimu.kapsi.fi\/limunropellukset\/wp-json\/wp\/v2\/media\/7044"}],"collection":[{"href":"http:\/\/iimu.kapsi.fi\/limunropellukset\/wp-json\/wp\/v2\/media"}],"about":[{"href":"http:\/\/iimu.kapsi.fi\/limunropellukset\/wp-json\/wp\/v2\/types\/attachment"}],"author":[{"embeddable":true,"href":"http:\/\/iimu.kapsi.fi\/limunropellukset\/wp-json\/wp\/v2\/users\/2"}],"replies":[{"embeddable":true,"href":"http:\/\/iimu.kapsi.fi\/limunropellukset\/wp-json\/wp\/v2\/comments?post=7044"}]}}

<p>Efemeroksen Sami Koponenkin on huomionut että Praedorissa ja D&#038;D:ssä on yhtäläisyyksiä.</p>
