{"id":186,"date":"2013-02-08T15:14:50","date_gmt":"2013-02-08T13:14:50","guid":{"rendered":"http:\/\/iimu.kapsi.fi\/limunropellukset\/?page_id=186"},"modified":"2013-02-08T15:14:50","modified_gmt":"2013-02-08T13:14:50","slug":"falafel-mjolnur","status":"publish","type":"page","link":"http:\/\/iimu.kapsi.fi\/limunropellukset\/sample-page\/muistoissamme\/falafel-mjolnur","title":{"rendered":"Falaf\u00e9l Mj\u00f6ln\u00fcr"},"content":{"rendered":"<blockquote><p>-3<\/p>\n<p>Class: Elf<br \/>\nAlignment: Lawful<br \/>\nTitle: Taikamets\u00e4n paroni<br \/>\nTHAC0: 19 melee \/ 18 missile<br \/>\nDaMaGes:<br \/>\nBow 1D6 50\/100\/150<br \/>\nSword 1D10<br \/>\nDagger 1D4<\/p>\n<p>Level: 1<br \/>\nXp: 718<br \/>\nBonus\/penalty:\u00a0<br \/>\nNext lvl: 4000<br \/>\nAC: 2<br \/>\nHitpoints:\u00a0<\/p>\n<p>Encumbarance: 60\/20\/60<br \/>\n\u00a0<br \/>\nSTR: \u00a011 \u00a0[X]<br \/>\nINT: \u00a012 [X]<br \/>\nWIS: \u00a05[X]<br \/>\nDEX: \u00a013 \u00a0[+1]<br \/>\nCON: \u00a013 \u00a0[+1]<br \/>\nCHA: \u00a0 9 [X]<\/p>\n<p>Spells:<br \/>\nRead magic<br \/>\nDetect magic<\/p>\n<p>Savingthrows:<br \/>\nPoison &#038; Death ray: 12<br \/>\nMagic Wand: 13<br \/>\nTurn to stone &#038; Paralysis: 13<br \/>\nDragon breath: 15<br \/>\nSpells &#038; Magic Staff: 15 -2<\/p>\n<p>Languages: Elf, Common, lawful, Gnoll, Orc, Hobgoblin, Latinos<\/p>\n<p>Magic Items:<\/p>\n<p>Items:<br \/>\nTwo-handed sword &#8220;huotrassa&#8221;<br \/>\nShort bow &#8220;k\u00e4jiss\u00e4&#8221;<br \/>\nQuiver with 00\/20 arrows &#8220;sel\u00e4ss\u00e4&#8221;<br \/>\nNormal dagger &#8220;vy\u00f6ll\u00e4&#8221;<br \/>\nPlate mail &#8220;p\u00e4\u00e4ll\u00e4&#8221;<br \/>\nBackback &#8220;sel\u00e4ss\u00e4&#8221;<br \/>\nflask of oil &#8220;vy\u00f6ll\u00e4&#8221;<br \/>\nTinder box &#8220;repussa&#8221;<br \/>\nLarge sack &#8220;repussa&#8221; 600<br \/>\nSmall sack &#8220;repussa&#8221; 400<br \/>\nTaikakirja &#8220;repussa&#8221;<br \/>\n5 rations &#8220;piilossa&#8221;<br \/>\nHoly symbol &#8220;Tristan&#8221;<\/p>\n<p>Total weight: 796<\/p>\n<p>Other Notes:<\/p>\n<p>Money &#038; Tresure<br \/>\nTotal value:<br \/>\nPP:<br \/>\nGP: 11<br \/>\nEP:<br \/>\nSP: 1200<br \/>\nCP: 1000<\/p>\n<p>Gems:\n<\/p><\/blockquote>\n<p>Bio:\u00a0Falaf\u00e9l Mj\u00f6ln\u00fcr on kaukaisen haltiasuvun aatelistoa. Er\u00e4\u00e4n\u00e4 p\u00e4iv\u00e4n\u00e4 h\u00e4n j\u00e4i kiinni sukunsa kallisarvoisimman s\u00e4\u00e4nn\u00f6n rikkomisesta.<br \/>\nS\u00e4\u00e4nt\u00f6 nro. 1; &#8220;\u00c4l\u00e4 rakastu k\u00f6yh\u00e4\u00e4n&#8221;.<\/p>\n<p>Falaf\u00e9lin rakkaan nimi oli Ishlab\u00e9l.<\/p>\n<p>Rangaistukseksi is\u00e4 teet\u00e4tti pojastaan eunukin ja karkoitti t\u00e4m\u00e4n hovista.<\/p>\n<p>Falef\u00e9l p\u00e4\u00e4tti l\u00e4hte\u00e4 maailmalle ja lupasi poistuessaan Ishlab\u00e9lille tulevansa miehen\u00e4 takaisin.<\/p>\n<p>Maailmanmatkaajamme on omistanut el\u00e4m\u00e4ns\u00e4 taikavoimien l\u00f6yt\u00e4miseen, jotka voisivat edesauttaa h\u00e4nen sukukalleuksiensa palauttamisessa. Kaikki t\u00e4m\u00e4, vaikka suku onkin pahin.<\/p>\n<p>T\u00e4m\u00e4 ketter\u00e4n oloinen eunukki ampuu vihollisensa mieluiten jousella, mutta kahden k\u00e4den miekka on varmuuden vuoksi huotrassa.<\/p>\n","protected":false},"excerpt":{"rendered":"<p>-3 Class: Elf Alignment: Lawful Title: Taikamets\u00e4n paroni THAC0: 19 melee \/ 18 missile DaMaGes: Bow 1D6 50\/100\/150 Sword 1D10 Dagger 1D4 Level: 1 Xp: 718 Bonus\/penalty:\u00a0 Next lvl: 4000 AC: 2 Hitpoints:\u00a0 Encumbarance: 60\/20\/60 \u00a0 STR: \u00a011 \u00a0[X] INT: \u00a012 [X] WIS: \u00a05[X] DEX: \u00a013 \u00a0[+1] CON: \u00a013 \u00a0[+1] CHA: \u00a0 9 [X] Spells:&hellip; <a class=\"more-link\" href=\"http:\/\/iimu.kapsi.fi\/limunropellukset\/sample-page\/muistoissamme\/falafel-mjolnur\">Continue reading <span class=\"screen-reader-text\">Falaf\u00e9l Mj\u00f6ln\u00fcr<\/span><\/a><\/p>\n","protected":false},"author":1,"featured_media":0,"parent":164,"menu_order":0,"comment_status":"open","ping_status":"open","template":"","meta":[],"_links":{"self":[{"href":"http:\/\/iimu.kapsi.fi\/limunropellukset\/wp-json\/wp\/v2\/pages\/186"}],"collection":[{"href":"http:\/\/iimu.kapsi.fi\/limunropellukset\/wp-json\/wp\/v2\/pages"}],"about":[{"href":"http:\/\/iimu.kapsi.fi\/limunropellukset\/wp-json\/wp\/v2\/types\/page"}],"author":[{"embeddable":true,"href":"http:\/\/iimu.kapsi.fi\/limunropellukset\/wp-json\/wp\/v2\/users\/1"}],"replies":[{"embeddable":true,"href":"http:\/\/iimu.kapsi.fi\/limunropellukset\/wp-json\/wp\/v2\/comments?post=186"}],"version-history":[{"count":1,"href":"http:\/\/iimu.kapsi.fi\/limunropellukset\/wp-json\/wp\/v2\/pages\/186\/revisions"}],"predecessor-version":[{"id":187,"href":"http:\/\/iimu.kapsi.fi\/limunropellukset\/wp-json\/wp\/v2\/pages\/186\/revisions\/187"}],"up":[{"embeddable":true,"href":"http:\/\/iimu.kapsi.fi\/limunropellukset\/wp-json\/wp\/v2\/pages\/164"}],"wp:attachment":[{"href":"http:\/\/iimu.kapsi.fi\/limunropellukset\/wp-json\/wp\/v2\/media?parent=186"}],"curies":[{"name":"wp","href":"https:\/\/api.w.org\/{rel}","templated":true}]}}