{"id":195,"date":"2013-02-08T15:17:06","date_gmt":"2013-02-08T13:17:06","guid":{"rendered":"http:\/\/iimu.kapsi.fi\/limunropellukset\/?page_id=195"},"modified":"2013-02-08T15:17:06","modified_gmt":"2013-02-08T13:17:06","slug":"juan-carlos-esteban-de-los-parlotes-de-amadeo","status":"publish","type":"page","link":"http:\/\/iimu.kapsi.fi\/limunropellukset\/sample-page\/muistoissamme\/juan-carlos-esteban-de-los-parlotes-de-amadeo","title":{"rendered":"Juan Carlos Esteban De Los Parlotes De Amadeo"},"content":{"rendered":"<blockquote><p>Class: magic-user<br \/>\nAlignment:neutral<\/p>\n<p>THAC0:<br \/>\nMove: &#8216;(&#8216;) 90\/30\/90<br \/>\nWeapon Damage: 1d4<br \/>\nWeapon Range:<\/p>\n<p>Level: 2<br \/>\nXp: 3616<br \/>\nBonus\/penalty: +10%<br \/>\nNext lvl:5000<\/p>\n<p>AC:8<br \/>\nHitpoints: 6<\/p>\n<p>STR:10 \u00a0 \u00a0[0 to hit&#038;damage]<br \/>\nINT:18 \u00a0 \u00a0[+3 languages]<br \/>\nWIS:12 \u00a0 \u00a0[0 save vs. spells]<br \/>\nDEX:14 \u00a0 \u00a0[+1 AC]<br \/>\nCON:12 \u00a0 \u00a0[0 hp]<br \/>\nCHA:15 \u00a0 \u00a0[+1 reaction]<\/p>\n<p>Savingthrows:<br \/>\nPoison &#038; Death ray:13<br \/>\nMagic Wand:14<br \/>\nTurn to stone &#038; Paralysis:13<br \/>\nDragon breath:16<br \/>\nSpells &#038; Magic Staff:15<\/p>\n<p>Languages:<br \/>\nelvis<br \/>\ndorvis<br \/>\ncommon<br \/>\nlatino (oppineiden kieli)<br \/>\nalignment<br \/>\nnekromanseri<\/p>\n<p>Skills &#038; Spells:<br \/>\n2 * lvl1<\/p>\n<p>Magic Items:<\/p>\n<p>Normal Items:<\/p>\n<p>2 muulia ja 2py\u00f6r\u00e4iset k\u00e4rryt (4k cn capacity)<\/p>\n<p>(Paino [cn] ja s\u00e4ilytyspaikka)<\/p>\n<p>magic book 200cn (backbag)<br \/>\n***<br \/>\nread magic<br \/>\nshield 2 turnia ac4 ac2 vs missile<br \/>\nread languages<br \/>\nhold portal<br \/>\n***<br \/>\nflask of oil 0kpl 10cn\/kpl (backbag)<br \/>\nsilver dagger 10cn<br \/>\nbackbag *capacity 400cn 20cn<br \/>\nlarge sack *capacity 600cn 5cn<br \/>\ntorches 2 100cn (large sack)<br \/>\nrope 50&#8217; 50cn (large sack)<br \/>\niron rations (1 week) 70cn (backbag)<br \/>\ntinderbox 5cn (backbag)<br \/>\n0 kpl std rations 50cn(large sack)<br \/>\navain dungeon of doomiin<\/p>\n<p>Total weight: 688cn<br \/>\nEncumbrance:90\/30\/90<\/p>\n<p>Other Notes:<\/p>\n<p>Money &#038; Tresure<br \/>\nTotal value:<br \/>\nPP:<br \/>\nGP:8<br \/>\nEP:<br \/>\nSP:<br \/>\nCP<\/p>\n<p>Gems:<\/p><\/blockquote>\n<p>Latino Insults:<br \/>\n***Eres tan estupido como un perro &#8211; You are as stupid as the dog<br \/>\n***Tu madre es una estupida &#8211; Your mom is stupid<br \/>\n***besame el culo\u00a0&#8211; kiss my ass<\/p>\n<p>KULUT: 10+5 safkaan<br \/>\nmajatalossa 1275 gold + 2170 silver + 0 copper + 1008 electrum<br \/>\ntaikakirja vihulaiselta (read languages \/ knock \/ ventriloquism \/ hold portal)<br \/>\npatsaassa:&#8221;Scalerim tasoita t\u00e4m\u00e4n luolaston voimasuhteet&#8221;<\/p>\n","protected":false},"excerpt":{"rendered":"<p>Class: magic-user Alignment:neutral THAC0: Move: &#8216;(&#8216;) 90\/30\/90 Weapon Damage: 1d4 Weapon Range: Level: 2 Xp: 3616 Bonus\/penalty: +10% Next lvl:5000 AC:8 Hitpoints: 6 STR:10 \u00a0 \u00a0[0 to hit&#038;damage] INT:18 \u00a0 \u00a0[+3 languages] WIS:12 \u00a0 \u00a0[0 save vs. spells] DEX:14 \u00a0 \u00a0[+1 AC] CON:12 \u00a0 \u00a0[0 hp] CHA:15 \u00a0 \u00a0[+1 reaction] Savingthrows: Poison &#038; Death ray:13&hellip; <a class=\"more-link\" href=\"http:\/\/iimu.kapsi.fi\/limunropellukset\/sample-page\/muistoissamme\/juan-carlos-esteban-de-los-parlotes-de-amadeo\">Continue reading <span class=\"screen-reader-text\">Juan Carlos Esteban De Los Parlotes De Amadeo<\/span><\/a><\/p>\n","protected":false},"author":1,"featured_media":0,"parent":164,"menu_order":0,"comment_status":"open","ping_status":"open","template":"","meta":[],"_links":{"self":[{"href":"http:\/\/iimu.kapsi.fi\/limunropellukset\/wp-json\/wp\/v2\/pages\/195"}],"collection":[{"href":"http:\/\/iimu.kapsi.fi\/limunropellukset\/wp-json\/wp\/v2\/pages"}],"about":[{"href":"http:\/\/iimu.kapsi.fi\/limunropellukset\/wp-json\/wp\/v2\/types\/page"}],"author":[{"embeddable":true,"href":"http:\/\/iimu.kapsi.fi\/limunropellukset\/wp-json\/wp\/v2\/users\/1"}],"replies":[{"embeddable":true,"href":"http:\/\/iimu.kapsi.fi\/limunropellukset\/wp-json\/wp\/v2\/comments?post=195"}],"version-history":[{"count":1,"href":"http:\/\/iimu.kapsi.fi\/limunropellukset\/wp-json\/wp\/v2\/pages\/195\/revisions"}],"predecessor-version":[{"id":196,"href":"http:\/\/iimu.kapsi.fi\/limunropellukset\/wp-json\/wp\/v2\/pages\/195\/revisions\/196"}],"up":[{"embeddable":true,"href":"http:\/\/iimu.kapsi.fi\/limunropellukset\/wp-json\/wp\/v2\/pages\/164"}],"wp:attachment":[{"href":"http:\/\/iimu.kapsi.fi\/limunropellukset\/wp-json\/wp\/v2\/media?parent=195"}],"curies":[{"name":"wp","href":"https:\/\/api.w.org\/{rel}","templated":true}]}}