{"id":213,"date":"2013-02-08T15:21:28","date_gmt":"2013-02-08T13:21:28","guid":{"rendered":"http:\/\/iimu.kapsi.fi\/limunropellukset\/?page_id=213"},"modified":"2013-02-08T15:21:28","modified_gmt":"2013-02-08T13:21:28","slug":"wilhelm-totenkopf","status":"publish","type":"page","link":"http:\/\/iimu.kapsi.fi\/limunropellukset\/sample-page\/muistoissamme\/wilhelm-totenkopf","title":{"rendered":"Wilhelm Totenkopf"},"content":{"rendered":"<blockquote><p>Class: Thief<br \/>\nAlignment: Neutral<br \/>\nOPPIPOIKA<br \/>\nTHAC0: 19 melee, 17 missile<br \/>\nMove: 90\/30\/90<br \/>\nWeapon :<br \/>\nShort bow 50\/100\/150 1D6<br \/>\nshort sword 1D6<br \/>\nLevel: 1<br \/>\nXp: 130<br \/>\nBonus\/penalty: +10%<br \/>\nNext lvl: 1200<\/p>\n<p>AC: 5<br \/>\nHitpoints: 3\/3<\/p>\n<p>STR: 9\u00a0\u00a0 [0 to hit&#038;damage]<br \/>\nINT:\u00a0 8 [-1 languages]<br \/>\nWIS:\u00a0 8\u00a0 [-1 save vs. spells]<br \/>\nDEX:\u00a0 16\u00a0 [_ AC]<br \/>\nCON:\u00a0\u00a0 8 [-1 hp]<br \/>\nCHA:\u00a0 9\u00a0 [0 reaction]<\/p>\n<p>Savingthrows:<br \/>\nPoison &#038; Death ray: 13<br \/>\nMagic Wand: 14<br \/>\nTurn to stone &#038; Paralysis: 13<br \/>\nDragon breath: 16<br \/>\nSpells &#038; Magic Staff: 15 -1<\/p>\n<p>Languages: \u00a0Common, Neutral<\/p>\n<p>Skills &#038; Spells:<\/p>\n<p>Magic Items:<\/p>\n<p>Normal Items:<\/p>\n<p>leather armor &#8220;p\u00e4\u00e4ll\u00e4&#8221;<br \/>\nshort sword &#8220;Huotrassa&#8221;<br \/>\nQuiver 56\/58<br \/>\n8\/8 poison arrows?<br \/>\nBackpack &#8220;sel\u00e4ss\u00e4&#8221;<br \/>\nflask of oil &#8220;Repussa&#8221;<br \/>\nRope &#8220;repussa&#8221;<br \/>\n4x small sack &#8220;repussa&#8221;<br \/>\nThieve&#8217;s tool &#8220;repussa&#8221;<br \/>\ntinder box &#8220;repussa&#8221;<br \/>\nLantern<br \/>\nWine<br \/>\navain luolan oveen<\/p>\n<p>Ruokoo matkalle<br \/>\n(Paino [cn] ja s\u00e4ilytyspaikka)<\/p>\n<p>Total weight: 458 cn<br \/>\nEncumbrance:<\/p>\n<p>Other Notes:<\/p>\n<p>Money &#038; Tresure<br \/>\nTotal value:<br \/>\nPP:<br \/>\nGP: 19<br \/>\nEP: 5<br \/>\nSP: 15<br \/>\nCP<\/p>\n<p>Gems:<\/p><\/blockquote>\n","protected":false},"excerpt":{"rendered":"<p>Class: Thief Alignment: Neutral OPPIPOIKA THAC0: 19 melee, 17 missile Move: 90\/30\/90 Weapon : Short bow 50\/100\/150 1D6 short sword 1D6 Level: 1 Xp: 130 Bonus\/penalty: +10% Next lvl: 1200 AC: 5 Hitpoints: 3\/3 STR: 9\u00a0\u00a0 [0 to hit&#038;damage] INT:\u00a0 8 [-1 languages] WIS:\u00a0 8\u00a0 [-1 save vs. spells] DEX:\u00a0 16\u00a0 [_ AC] CON:\u00a0\u00a0 8&hellip; <a class=\"more-link\" href=\"http:\/\/iimu.kapsi.fi\/limunropellukset\/sample-page\/muistoissamme\/wilhelm-totenkopf\">Continue reading <span class=\"screen-reader-text\">Wilhelm Totenkopf<\/span><\/a><\/p>\n","protected":false},"author":1,"featured_media":0,"parent":164,"menu_order":0,"comment_status":"open","ping_status":"open","template":"","meta":[],"_links":{"self":[{"href":"http:\/\/iimu.kapsi.fi\/limunropellukset\/wp-json\/wp\/v2\/pages\/213"}],"collection":[{"href":"http:\/\/iimu.kapsi.fi\/limunropellukset\/wp-json\/wp\/v2\/pages"}],"about":[{"href":"http:\/\/iimu.kapsi.fi\/limunropellukset\/wp-json\/wp\/v2\/types\/page"}],"author":[{"embeddable":true,"href":"http:\/\/iimu.kapsi.fi\/limunropellukset\/wp-json\/wp\/v2\/users\/1"}],"replies":[{"embeddable":true,"href":"http:\/\/iimu.kapsi.fi\/limunropellukset\/wp-json\/wp\/v2\/comments?post=213"}],"version-history":[{"count":1,"href":"http:\/\/iimu.kapsi.fi\/limunropellukset\/wp-json\/wp\/v2\/pages\/213\/revisions"}],"predecessor-version":[{"id":214,"href":"http:\/\/iimu.kapsi.fi\/limunropellukset\/wp-json\/wp\/v2\/pages\/213\/revisions\/214"}],"up":[{"embeddable":true,"href":"http:\/\/iimu.kapsi.fi\/limunropellukset\/wp-json\/wp\/v2\/pages\/164"}],"wp:attachment":[{"href":"http:\/\/iimu.kapsi.fi\/limunropellukset\/wp-json\/wp\/v2\/media?parent=213"}],"curies":[{"name":"wp","href":"https:\/\/api.w.org\/{rel}","templated":true}]}}