{"id":207,"date":"2013-02-08T15:19:57","date_gmt":"2013-02-08T13:19:57","guid":{"rendered":"http:\/\/iimu.kapsi.fi\/limunropellukset\/?page_id=207"},"modified":"2013-02-08T15:19:57","modified_gmt":"2013-02-08T13:19:57","slug":"unuss-brim-adepti","status":"publish","type":"page","link":"https:\/\/iimu.kapsi.fi\/limunropellukset\/sample-page\/muistoissamme\/unuss-brim-adepti","title":{"rendered":"Unuss Brim (adepti)"},"content":{"rendered":"<blockquote><p>STR: 12<br \/>\nINT: 15 (+1)<br \/>\nWIS: 13 (+1)<br \/>\nDEX: 7 (-1)<br \/>\nCON: 10<br \/>\nCHA: 11<\/p>\n<p>HP: 9<br \/>\nAC: -1<br \/>\nGP: 286 gp<br \/>\n1000 cp<br \/>\n1200 sp<\/p>\n<p>EXP: 2824<\/p>\n<p>Languages: Common, Chaotic, Elvish<\/p>\n<p>War Hammer 50cn<br \/>\nSling with 30 sling stones 20cn<br \/>\nSuit Armor 750cn<br \/>\nShield 100cn<br \/>\nPole (wood, 10\u00b4 long) 100cn<br \/>\nHoly Symbol 1cn<br \/>\n3 x Holy water (1 vial) 1cn<br \/>\n3 x mysterious note (2 x map &#038; note)<br \/>\nSilver Dagger 10cn<br \/>\nWolfsbane 1cn<br \/>\n1 x Yrttisalvaa 10cn (parannusjuoma)<br \/>\nscroll of protection from lycanthropes (1h 10ft)<br \/>\nStaff of Snake (1d6+1, muuttuu k\u00e4\u00e4rmeeksi (taikasana &#8220;Cormyr&#8221;) ja kietoutuu vihollisen ymp\u00e4rille ly\u00f6nnin yhteydess\u00e4)<br \/>\n3 x oil<br \/>\n1063cn<br \/>\n30 \/ 10 run 30<\/p>\n<p>Backpack 20cn<br \/>\nMirror 5cn<br \/>\nRope (50\u00b4 long) 50cn<br \/>\n2 x Small Sack 2\/1cn<br \/>\nTinder box 5cn<br \/>\nTorches (4) 120cn<br \/>\nWaterskins (or wineskin) 5cn<br \/>\n2x iron rations 210cn<br \/>\n1480cn<\/p>\n<p>30 \/ 10 run 30<\/p>\n<p>Spells: Cure Light Wounds<\/p>\n<p>Save vs. Death Ray or Poison: 11<br \/>\nSave vs. Magic Wands: 12<br \/>\nSave vs. Paralysis or Turn to Stone: 14<br \/>\nSave vs. Dragon Breath: 16<br \/>\nSave vs. Rods, Staves, or Spells: 15<\/p>\n<p>Suit Armor:<br \/>\nAdvantages: -1 piste damage per noppa area damagea, +2 kaikkiin saveihin area damageen.<br \/>\nDisadvantages: yksin pystyyn nouseminen 1\/6 \/ round. Kuuluu 100ft p\u00e4\u00e4h\u00e4n. Speed 30 \/ 10.<br \/>\n-5 missile osuminen. -1 yksin surprise heittoon.<\/p>\n<p>-kultistien johtaja &#8220;pappi&#8221; p\u00e4\u00e4si pakoon kolmen jousimiehen kanssa. palvovat &#8220;oikeudentuojaa&#8221;.\n<\/p><\/blockquote>\n","protected":false},"excerpt":{"rendered":"<p>STR: 12 INT: 15 (+1) WIS: 13 (+1) DEX: 7 (-1) CON: 10 CHA: 11 HP: 9 AC: -1 GP: 286 gp 1000 cp 1200 sp EXP: 2824 Languages: Common, Chaotic, Elvish War Hammer 50cn Sling with 30 sling stones 20cn Suit Armor 750cn Shield 100cn Pole (wood, 10\u00b4 long) 100cn Holy Symbol 1cn 3&hellip; <a class=\"more-link\" href=\"https:\/\/iimu.kapsi.fi\/limunropellukset\/sample-page\/muistoissamme\/unuss-brim-adepti\">Continue reading <span class=\"screen-reader-text\">Unuss Brim (adepti)<\/span><\/a><\/p>\n","protected":false},"author":1,"featured_media":0,"parent":164,"menu_order":0,"comment_status":"open","ping_status":"open","template":"","meta":[],"_links":{"self":[{"href":"https:\/\/iimu.kapsi.fi\/limunropellukset\/wp-json\/wp\/v2\/pages\/207"}],"collection":[{"href":"https:\/\/iimu.kapsi.fi\/limunropellukset\/wp-json\/wp\/v2\/pages"}],"about":[{"href":"https:\/\/iimu.kapsi.fi\/limunropellukset\/wp-json\/wp\/v2\/types\/page"}],"author":[{"embeddable":true,"href":"https:\/\/iimu.kapsi.fi\/limunropellukset\/wp-json\/wp\/v2\/users\/1"}],"replies":[{"embeddable":true,"href":"https:\/\/iimu.kapsi.fi\/limunropellukset\/wp-json\/wp\/v2\/comments?post=207"}],"version-history":[{"count":1,"href":"https:\/\/iimu.kapsi.fi\/limunropellukset\/wp-json\/wp\/v2\/pages\/207\/revisions"}],"predecessor-version":[{"id":208,"href":"https:\/\/iimu.kapsi.fi\/limunropellukset\/wp-json\/wp\/v2\/pages\/207\/revisions\/208"}],"up":[{"embeddable":true,"href":"https:\/\/iimu.kapsi.fi\/limunropellukset\/wp-json\/wp\/v2\/pages\/164"}],"wp:attachment":[{"href":"https:\/\/iimu.kapsi.fi\/limunropellukset\/wp-json\/wp\/v2\/media?parent=207"}],"curies":[{"name":"wp","href":"https:\/\/api.w.org\/{rel}","templated":true}]}}